hat are the prime factors of d?
2
Let i(g) = 9*g**2 + g**3 - 6*g**2 + 6*g + 6*g**2 - g. Let n be i(-8). Let y = n - 11. List the prime factors of y.
13
Let c(k) = -k + 7. Let i be c(-3). Let n be (-2)/(i/(-3))*5. Suppose -2*d + 47 = -0*d - 5*l, -l = n*d - 28. What are the prime factors of d?
11
Let m(v) = -v**3 + 6*v**2 + 3*v - 2. Let h be ((-35)/14)/(2/(-4)). List the prime factors of m(h).
2, 19
Let k(a) = -28*a - 211. What are the prime factors of k(-39)?
881
List the prime factors of (14/10)/(9/(-252180)*-12).
7, 467
Let d(a) = 50*a**3 - 3*a**2 - a - 5. Let w(c) = -51*c**3 + 3*c**2 + 6. Let i(l) = -4*d(l) - 3*w(l). What are the prime factors of i(-1)?
2, 3
Suppose 2*h + z - 4*z = -18, 3*h + 4*z = 7. Let g(w) = -23*w - 6. List the prime factors of g(h).
3, 7
Suppose 3*l - 4*l + 1 = 0, 5*z - 4185 = 5*l. List the prime factors of z.
2, 419
Let b(p) = -p**2 - p + 2. Let i be b(-3). Let z = 6 + i. Let f(k) = 2*k**2 + 2*k - 1. List the prime factors of f(z).
11
Let y(j) be the first derivative of 2*j**3/3 - 6*j**2 + 17*j + 12. What are the prime factors of y(7)?
31
Let c(q) = 12*q**2 - 16*q + 100. List the prime factors of c(7).
2, 3
Suppose 2*w - 1 - 13 = 0. Let k = 7 - w. List the prime factors of 1 + k - (1 + -16).
2
Let v = -83 - -310. Let u = v - 762. What are the prime factors of u/(-20) - 3/4?
2, 13
Suppose 4*a = -8*l + 3*l + 1039, 12 = -3*a. What are the prime factors of l?
211
Let f be (-30)/9*(-6)/5. Suppose 6*s - 5*s + f*a - 6 = 0, 2*s - a - 12 = 0. List the prime factors of ((-2)/2)/((-2)/s).
3
Suppose -3*f - 5*k + 3*k + 1 = 0, 4*f + k = -2. List the prime factors of (f/(-2))/((-9)/(-2844)).
2, 79
Let i(g) = -5*g**3 - g**2 - g + 1. Let o be i(1). Let j be (5 - 2)*(-10)/o. Suppose 64 = 4*r - j*n, -3*r = -r + 5*n - 32. List the prime factors of r.
2
Let c(k) be the third derivative of -k**6/120 + 7*k**5/60 + 3*k**4/8 - k**3/2 - 3*k**2. Let j be c(6). Suppose -33 = -5*w + j. List the prime factors of w.
2, 3
Suppose -3*o + 5 = 2*s, -3*s - 3*o + 17 = 2*s. What are the prime factors of 54/(s/22 + 21/308)?
2, 3
Let d(n) = -2*n**3 + 3*n**2 + 2*n + 1. Suppose -3*x + 4 = -5*x. Let w be d(x). Suppose w = m - 6*m, 5*m = 5*j - 100. What are the prime factors of j?
3, 5
Suppose -15*q + 3*q + 924 = 0. Let k = -15 + -30. Let g = q + k. What are the prime factors of g?
2
Let y(a) = 27*a - 1. Suppose 0 = -2*l - 0*l + 10. Let h = l - 3. List the prime factors of y(h).
53
Let a = -565 - -625. Let q be ((-12)/10)/(1/(-15)). Suppose -q*s = -17*s - a. What are the prime factors of s?
2, 3, 5
What are the prime factors of 2 - 39/24 - (-19305)/104?
2, 3, 31
Suppose 2*t - 3 = -1. Let p be t*(6 + -3) + -1. Suppose -4*n = -5*w + 95, -n - p*n - 45 = -2*w. What are the prime factors of w?
3, 5
Suppose -12315 = -5*l + 5*v, 4*v = 5*v. What are the prime factors of l?
3, 821
Let o(i) = -i**2 - 17*i + 1. Let d be o(-8). Suppose -q + d = -8. What are the prime factors of q?
3
Let f be 8/44 - 53/(-11). Suppose 42 = 3*q + 5*l, 0 = -f*l + 13 + 2. Let y(o) = o**2 - 6*o - 10. List the prime factors of y(q).
17
Suppose 21 = -4*p - 3. Let y(g) = -g**3 - g - g**2 - 1 - 5*g**2 - 3*g. What are the prime factors of y(p)?
23
Suppose 2*j - 6 = -j. Suppose 0 = j*s + 3 - 7. Suppose q + 5*a - 31 = 0, 0 = -6*q + s*q + 5*a + 74. What are the prime factors of q?
3, 7
Let i be 0 - 2 - (-1 - -9). Let x = i - -40. Suppose g + g - x = 0. List the prime factors of g.
3, 5
Let s(y) = -79*y**3 - 38*y**2 + 5*y + 8. List the prime factors of s(-4).
2, 1109
Suppose -4*i - 1471 = -3*o, 4*i + 792 = o + 291. Suppose o = 38*s - 33*s. What are the prime factors of s?
97
List the prime factors of (4/(-42)*-129)/((-7)/(-343)).
2, 7, 43
Let r = 38 - -126. List the prime factors of r.
2, 41
Let g = 3180 - 1685. List the prime factors of g.
5, 13, 23
List the prime factors of (-803)/55*(-6 + -2 + 3).
73
Suppose 5*l = 15, -l - 9 + 14 = f. Let s(x) = x - 1. Let b be s(3). Suppose 2*i = -c - b*i + 70, -2*c + 116 = f*i. List the prime factors of c.
2, 3
Let t = 223 - 131. Suppose -4*b - 4*u + 132 = -u, 4*u = -3*b + t. What are the prime factors of b?
2, 3
Let t(w) = 17*w**2 + 2*w - 1. Let l be t(1). Suppose 5*d - l = 8*d. Let o = 1 - d. What are the prime factors of o?
7
Suppose -5*q = a - 723, -q + 5*a = 4*q - 705. Let j be (5 + (-60)/9)*-3. Suppose t - r - q = -3*t, -3*t + j*r + 125 = 0. What are the prime factors of t?
5, 7
Let s = 115 + -113. What are the prime factors of 1/(s/(3 - -449))?
2, 113
Suppose 2*s = -2*s + 20256. What are the prime factors of s/28 - (3/(-21))/1?
181
Suppose 62655 = 77*u + 25926. List the prime factors of u.
3, 53
Suppose -2*y - 3*s + 4 = 0, 6 = 5*y + 3*s - 4. Let n = 1 + 3. Suppose n = i - y. List the prime factors of i.
2, 3
Suppose -3*l = 4*q + 9, 3*q - 5*l = -0*q - 43. Let r be (-80)/(-6) - q/9. What are the prime factors of (-6)/(-21) + 528/r?
2, 19
Suppose -5*g - 31 = -3*v, -3*v + 2*g - 9 = -25. Suppose -2*a + 254 = -v*q, 3*a - 381 = 2*q - 7*q. What are the prime factors of a?
127
Let l(f) = -4*f**3 - 5*f**2 - 8*f - 1. What are the prime factors of l(-5)?
2, 3, 23
Let h(n) = -2*n - 12. Let r be h(-8). Suppose -r*y + c + 97 = -52, 64 = 2*y - 4*c. What are the prime factors of y?
2, 19
Suppose 12 = -3*n + 4*n. What are the prime factors of n?
2, 3
Let x(f) be the third derivative of 9*f**4/4 - 8*f**2. What are the prime factors of x(2)?
2, 3
Let o be -1*(4 - (-3 + 68)). Suppose -99 - o = -5*v. What are the prime factors of v?
2
Suppose 0 = 2*k + 2*q + q - 4, q = 4*k - 8. Suppose 3*b + 15 = 0, -4*h + 160 = -k*b - 42. List the prime factors of h.
2, 3
Let t be 553 + (6 - 16/4). Suppose 8*u - t = 3*u. Suppose 9*s - 6*s - u = 0. What are the prime factors of s?
37
Let s(c) = c**2 + 9*c + 22. Let r be s(-10). What are the prime factors of r/(-60)*-192 - 4/10?
2, 3, 17
Suppose -5*p = -5*v + 260, -5*v + 4*p = -0*v - 262. Suppose 0*n + v = n. List the prime factors of n.
2, 3
Let x(h) = 3*h**2 + 3*h - 3. Suppose -l - 27 = 5*i, 4*l + 12 = 4*i - 0. List the prime factors of x(l).
3, 41
Let z(o) be the first derivative of o**3/3 - 5*o**2/2 + 20*o + 21. List the prime factors of z(12).
2, 13
Let z(w) = -49. Let h(f) = -f + 49. Let n(c) = -2*h(c) - 3*z(c). List the prime factors of n(0).
7
Let b(i) = -i**3 - i**2 - i + 1302. List the prime factors of b(0).
2, 3, 7, 31
Let y(h) = 12*h - 1. Let r be y(-6). Let z = r + 122. Suppose -15 = -2*p + z. List the prime factors of p.
2
Suppose 0*s + 3*s = 6. Let k = s + 11. Suppose f = 12 + k. What are the prime factors of f?
5
Suppose 15*z = 25*z - 3650. What are the prime factors of z?
5, 73
Let i(o) = 5*o + 2. Let b be 2/12 - (1166/12)/(-11). What are the prime factors of i(b)?
47
Suppose -2376 - 1659 = -a. List the prime factors of a.
3, 5, 269
Let f(o) = 381*o - 43. List the prime factors of f(3).
2, 5, 11
Suppose 29*n - 9471 = -4*n. List the prime factors of n.
7, 41
Suppose -8*s - 532 = -5*w - 11*s, -2*w - 4*s = -210. List the prime factors of w.
107
Suppose 2*b - b = -s + 2, -5*b = 15. Let d be ((-147)/6 - 3)*(-4)/5. Suppose t = -3*n + 104, -s*n - 2*t + 195 - d = 0. What are the prime factors of n?
5, 7
Let x(a) = a**2 - 10*a - 15. Let d be x(12). Suppose 47 = -c - d. Let g = c + 110. What are the prime factors of g?
2, 3
Suppose -45*y = -5*y - 79160. What are the prime factors of y?
1979
Suppose -3*v + 475 = -3*k - 779, 0 = 5*v - 3*k - 2092. What are the prime factors of v?
419
Let b = 3258 - 1884. Let q be b/(-15) - (-6)/(-15). List the prime factors of 3*(q/(-12) - 2).
17
Let i be 138/(-8) - (-9)/36. Let u(b) = -b**3 - 18*b**2 - 18*b - 6. Let c be u(i). Suppose p - 54 = c. List the prime factors of p.
5, 13
What are the prime factors of 1668*(-8 - (-50)/6)?
2, 139
Let w(u) = -u**2 + 9*u + 3. Let v be w(9). Suppose 0 = -8*b + v*b + 120. Suppose -3*h = 5*x - 24, -3*h + 2*x + b = -x. What are the prime factors of h?
2
Let p(j) be the first derivative of -6*j**2 + 10*j - 7. List the prime factors of p(-5).
2, 5, 7
Let m be (-2331)/(-11) + (-22)/(-242). Suppose 6*o - 5*o = -4*s + 206, 4*o - m = -4*s. List the prime factors of s.
3, 17
Let x(q) = 6*q**2 - q - 1. Let u be x(6). Suppose 20 = -3*a + u. Let o = a + -18. List the prime factors of o.
3, 5
What are the prime factors of 1104*(49/14 - 2) - 1?
5, 331
Suppose -1219 = -3*r - 37. What